culate m(11).
-1
Let u(s) = 3 + 46*s - 48*s - 7. Calculate u(-7).
10
Let v(c) = 3*c - 3 + 1 - 4 - c. What is v(5)?
4
Let c(u) = -u**3 - 2*u**2 - u - 1. Suppose -4*z = -z - 30. Suppose 20 + 50 = 5*k. Suppose -4*v - 2*q = z, 4*v - k + 3 = 5*q. Give c(v).
-1
Let t(p) = -44*p + 2*p**2 - 3 + 0 + 43*p. Let s(b) = 4*b**2 - 2*b - 7. Let j(h) = -3*s(h) + 7*t(h). Calculate j(2).
6
Let l(n) = -n. Let x be l(0). Let w = x - -2. Let r(o) = -o**3 + o**2 - o + 1. What is r(w)?
-5
Let r(j) = 4*j**3 - 4*j**2 + 1. Let m(h) = 5*h**3 - 4*h**2 - h + 1. Suppose -5*p - 4 - 15 = -4*k, 3 = -2*p - 3*k. Let t(s) = p*m(s) + 4*r(s). Give t(3).
1
Let y(t) = -2*t**2 - 7*t - 11. Let g be y(-2). Let z(f) = -3*f - 7. Give z(g).
8
Let v(n) = -3*n + 3. Let l(c) = c + 6. Let d be l(-6). Suppose 3*p + p + 20 = d. Let r = 7 + p. Calculate v(r).
-3
Suppose 29 = -x + 3*z + 2*z, -5*x + 5 = 5*z. Let l(a) = -a + 4. Determine l(x).
8
Suppose 5*w + 2 = 22. Let a(b) = b**2 + 3 - b**3 + 0*b**2 - 2. Let x(c) = -5*c**3 + 7*c**2 + 4*c + 7. Let l(u) = w*a(u) - x(u). Calculate l(4).
-3
Suppose -6*f - 6 = -5*f. Let k(q) be the first derivative of q**4/4 + 7*q**3/3 + 3*q**2 + 8*q + 8. Calculate k(f).
8
Let k be (-2)/(-4)*(7 - 3). Suppose k*d - 24 - 8 = 0. Suppose 0 = r + 5*g - d, -r - 10 = -4*g + 1. Let a(p) = 3*p. Determine a(r).
3
Let r(f) = f**2 + f - 4. Suppose -4*k + 30 = 6*k. What is r(k)?
8
Let q(g) be the second derivative of g**3/6 - g**2 + g. Let d = -8 + 15. Let m = -2 + d. Give q(m).
3
Let d(b) be the third derivative of b**4/8 - 2*b**3 - 7*b**2. Let f be d(5). Let s(k) = -k**3 + 3*k**2 + 2*k + 4. Calculate s(f).
10
Let b be (-1)/(-2)*(-10)/1. Let o be ((-25)/4)/b*4. Let w(i) = -o + 2*i + 5 + 0*i - 1. What is w(-1)?
-3
Let o(d) = -d**3 + 2*d**2 + 3*d - 3. Suppose -4*y = y - 10. Calculate o(y).
3
Let p(t) = -t + 8. Let q(x) be the second derivative of x**4/12 - 4*x**3/3 + 2*x**2 + 2*x. Let d be q(8). What is p(d)?
4
Let r = 8 + -6. Let q(y) = -y**2 - y**3 + 9*y + 0*y**r - 7*y. Give q(-2).
0
Suppose 2*h + 10 = 7*h. Let v(d) = h*d**2 + 3 - 4*d**2 + d**2 - 2*d. Determine v(-3).
0
Let k(t) be the second derivative of -t**6/120 - t**5/15 + 2*t**3/3 - t**2/2 - t. Let x(q) be the first derivative of k(q). Give x(-4).
4
Let o(p) = -3*p - 10. Let c(a) = -16*a - 51. Let j be ((-2)/(-4))/(5/(-110)). Let k(w) = -w + 7. Let l be k(5). Let i(n) = j*o(n) + l*c(n). Determine i(-4).
4
Let v(y) = -5*y**2 - 14*y + 8. Let a(o) = 6*o**2 + 15*o - 10. Let k(d) = 4*a(d) + 5*v(d). Calculate k(-10).
0
Let z(b) = b**3 - 5*b**2 - 2*b + 6. Let u(m) = m - 5. Let a be u(10). Determine z(a).
-4
Suppose 0 = a - c - 11, 2*a + 5*c - 6 = 2. Let w(s) = s - 4. Determine w(a).
5
Suppose -w = 3*w + 20. Let l(t) = -t - 10. Determine l(w).
-5
Let i(a) = 1. Let t(d) = -3*d + 4. Let n(z) = 6*i(z) - t(z). Give n(-2).
-4
Let i(p) = 11*p**3 + 19*p**2 - 9*p - 9. Let x(m) = 5*m**3 + 9*m**2 - 4*m - 4. Let b(w) = 6*i(w) - 13*x(w). What is b(3)?
-8
Suppose -11 = -2*x - 3*f, x + 2*f - 19 = -2*x. Let i(k) = 12*k - 5*k + k**3 - k**2 - 7*k**2 - 5. What is i(x)?
-5
Let v(d) = d**2 - 12*d - 3. Let y be v(12). Let b(c) = c**3 + 4*c**2 + 2*c - 1. Determine b(y).
2
Let g(v) be the second derivative of 11*v**4/12 - 10*v**3/3 + 7*v**2 + 2*v. Let y(j) = -7*j**2 + 13*j - 9. Let d(z) = 5*g(z) + 8*y(z). Determine d(5).
-7
Suppose p = -2*p + 30. Let f be 4/((p/(-3))/(-5)). Let c(q) = q**3 - 7*q**2 + 8*q - 7. What is c(f)?
5
Let f = 2 - 2. Let s(p) = p**2 + 5*p - 5. Let h(r) = -r**2 - 4*r + 4. Let q(x) = 4*h(x) + 3*s(x). What is q(f)?
1
Let a(g) be the third derivative of g**5/60 + 3*g**4/8 + 3*g**3/2 - 12*g**2. Give a(-8).
1
Let y(q) = q**2 + 7*q + 3. Let d = -5 - -5. Suppose 14 = 2*v + 2*u, d = 4*v - u - 1 - 2. Let w be (10*-1)/(v/1). What is y(w)?
-7
Suppose 2*o = -0*o - t + 23, 7 = o - 4*t. Suppose 6 - o = 5*x. Let g(u) = 4*u**2 + 2*u. Let n(z) = 13*z**2 + 7*z. Let v(f) = -7*g(f) + 2*n(f). What is v(x)?
-2
Let u(k) = -k**2 + 2*k + 2. Let s be u(2). Let h(i) = 4*i. What is h(s)?
8
Let k(q) = q**3 + 4*q**2 - 2*q - 3. Suppose -8 = -4*h + 2*h. Suppose 8 = 8*v - h*v. Let u(p) = -3*p + 2. Let o be u(v). Determine k(o).
5
Suppose -7*s + 3*s = -60. Let t be (-72)/s + (-2)/10. Let y(k) = -4*k**2 - 2*k - 6. Let m(w) = 3*w**2 + 3*w + 5. Let h(i) = 3*m(i) + 2*y(i). Give h(t).
3
Let t(g) = -3*g**3 - 12*g**2 + 3*g - 6. Let u(q) = -4*q**3 - 13*q**2 + 2*q - 7. Let l(y) = 5*t(y) - 4*u(y). Give l(7).
-2
Let b(v) be the second derivative of v**5/20 + v**4/3 - 7*v**3/6 - 7*v. Calculate b(-5).
10
Let q(u) = 4*u**2 + u - 1. Let k be q(1). Let r(o) = -o**3 + 5*o**2 - 4*o + 1. What is r(k)?
1
Let m(v) = -v**3 + 4*v**2 - 3*v + 1. Let r be 91/6 + (-4)/24. Let g be -2 + (-5)/(r/(-18)). Suppose g*h = 0, -2*f + 5 = -2*h + 1. Give m(f).
3
Let u(d) be the third derivative of 1/60*d**5 - 4*d**2 + 2/3*d**3 + 0*d + 0 - 1/6*d**4. Calculate u(3).
1
Let v be -2 + 6 + (-3)/1. Let i(z) = 7*z. What is i(v)?
7
Let m = -16 - -13. Let f(a) be the third derivative of -a**4/12 - a**3/2 + a**2. Calculate f(m).
3
Let g(b) = -5 + 5 + 5 + 2 + b. Determine g(-6).
1
Let z(w) = -3*w**3 + 6*w**2 + 9*w + 3. Let j(x) = -5*x**3 + 9*x**2 + 14*x + 5. Let q(s) = -5*j(s) + 8*z(s). What is q(-2)?
-1
Let u(r) = -6 + 3*r**2 + 5 - 2*r**2. Determine u(0).
-1
Let k(p) = -2*p + 1. Let y(s) = s. Let c(d) = -d**3 + 3*d**2 - 4*d + 3. Let f be c(2). Let m(g) = f*k(g) - y(g). Determine m(-2).
-3
Let i be -6*((-8)/6)/2. Let o(y) = 4*y - 25. Let m(u) = -u + 5. Let k(l) = 11*m(l) + 2*o(l). What is k(i)?
-7
Let b(m) = m**3 - 5*m**2 + 8*m - 7. Let f(k) = k - 1. Let v be (-4)/4*(3 - 2). Let j(d) = v*f(d) + b(d). Give j(4).
6
Let t(g) be the first derivative of -g**3/6 + 2*g**2 - 2*g - 2. Let f(d) be the first derivative of t(d). Let v = 5 + 0. Calculate f(v).
-1
Let i(f) = f**2 + 5*f. Suppose -4*r = 4*b + 16, -3*b = 4 - 1. Let m = 9 + r. Suppose 2*w - m + 0 = 2*q, -4*q + 2*w - 16 = 0. Give i(q).
0
Let u(i) = -i**2 + i - 1. Let p(r) = -3*r**2 + 4*r + 5. Let z(h) = -p(h) + 2*u(h). Let m be z(5). Suppose 3*j = j - m. Let l(s) = -s - 3. Give l(j).
1
Let l(x) be the second derivative of x**3/3 + 3*x**2/2 + x. Let q be 152/36 - (-6)/(-27). Determine l(q).
11
Let c(p) = -p**2 + 2*p - 5. Let y(f) = f - 4. Let l(t) = -3*c(t) + 4*y(t). Let a(u) = u**3 - 16*u**2 + 2. Let m be a(16). What is l(m)?
7
Let d(f) be the third derivative of f**4/8 + f**3/6 - 5*f**2 - 2. Calculate d(-2).
-5
Let w(r) = -r**2 + r + 4. Let m be (6 - 1) + (-1 - 0). Let c = m + 0. What is w(c)?
-8
Suppose 0*s - 12 = -2*s. Let b(v) be the first derivative of -8*v - 3*v**2 + 5 + 4*v**2 - 2. Calculate b(s).
4
Let w(o) = o**3 - 3*o**2 - 2*o. Let s be w(3). Let i(h) = h**2 - 6*h**2 + 7 - 4 - h**3 - 4 + 6*h. Calculate i(s).
-1
Let o(z) = -z - 9. Let a(t) = -t - 8. Let q(g) = 4*a(g) - 3*o(g). Give q(-4).
-1
Let b(g) be the first derivative of g**4/12 - g**3/6 + g**2/2 - 3*g + 5. Let m(y) be the first derivative of b(y). What is m(0)?
1
Let q = 20 - 25. Let c(f) = -f**3 - 5*f**2 + 3*f + 5. Determine c(q).
-10
Let y(q) = 4 - q**3 - 6*q**2 + 10*q**2 + q**3 - q**3. Give y(3).
13
Let c be -2 + 2 + 27/9. Let v(j) = -j + 4. Calculate v(c).
1
Let h(m) = -m**2 - 2 + 3*m**2 + 4*m - m**2. Suppose -4*r = 4*d, -3*r = -2*d - 0*r + 25. Let b = -10 + d. Give h(b).
3
Let u(g) = g**3 - 4*g**2 - 6*g + 6. Suppose r + 2*q - 11 = 0, 4*r - 8 = q + 3*q. Calculate u(r).
1
Suppose -10*b = -14*b + 20. Let w(m) = m**2 - 3 - 2 - 3*m + b + 3. Let a = 8 - 4. Give w(a).
7
Let f(z) = z**3 - 6*z**2 + 5*z - 4. Let j(x) = x + 20. Let b be j(-15). Give f(b).
-4
Let p(i) = i + 1. Let q be -1*(40/300 + 4/(-30)). Determine p(q).
1
Let b(q) = -q + 9. Suppose -2*p - 2*p - 5*a = 28, 4*a + 7 = -p. What is b(p)?
16
Let j be (-4 + 2 + 2)/1. Let w = j + -2. Let t(q) = -4*q**2 + 1 - 3 + 5*q**2. Determine t(w).
2
Let a(z) = z**2 + 3 + 2*z - 8*z + 0*z**2. Let o(l) = -l**3 + 6*l**2 - 5*l + 5. Let w(c) = -c**3 - 2*c**2 - 4. Let n be w(-3). Let p be o(n). Determine a(p).
-2
Let t be (0 - -3)*(-2)/6. Let b(m) be the first derivative of m**2/2 - m - 11. Give b(t).
-2
Let v = -7 - -2. Let i(d) = 3*d + 6. Calculate i(v).
-9
Let l = 1 - 1. Suppose 2*h + 2*s - 10 = 4*s, -5*h + 7 = s. Let t be l/1 + (-2 - h). Let j(o) = -2*o - 2. Determine j(t).
6
Let r(b) = -b - 3. Let n be r(-5). Suppose n*h + 2 = -0*h. Let w(u) = -7*u + 4. L